{"id":1326,"date":"2022-02-10T16:46:29","date_gmt":"2022-02-10T16:46:29","guid":{"rendered":"https:\/\/pruebas.belemdopara.org\/cim_mesecvi\/?page_id=1326"},"modified":"2022-03-13T20:01:22","modified_gmt":"2022-03-13T20:01:22","slug":"events","status":"publish","type":"page","link":"https:\/\/pruebas.belemdopara.org\/cim_mesecvi\/events\/","title":{"rendered":"Events and News"},"content":{"rendered":"\t\t<div data-elementor-type=\"wp-page\" data-elementor-id=\"1326\" class=\"elementor elementor-1326\" data-elementor-settings=\"{&quot;ha_cmc_init_switcher&quot;:&quot;no&quot;}\" data-elementor-post-type=\"page\">\n\t\t\t\t\t\t<section class=\"elementor-section elementor-top-section elementor-element elementor-element-cc4a9fe elementor-section-full_width elementor-section-height-default elementor-section-height-default\" data-id=\"cc4a9fe\" data-element_type=\"section\" data-settings=\"{&quot;_ha_eqh_enable&quot;:false}\">\n\t\t\t\t\t\t<div class=\"elementor-container elementor-column-gap-default\">\n\t\t\t\t\t<div class=\"elementor-column elementor-col-100 elementor-top-column elementor-element elementor-element-868a627\" data-id=\"868a627\" data-element_type=\"column\">\n\t\t\t<div class=\"elementor-widget-wrap elementor-element-populated\">\n\t\t\t\t\t\t<div class=\"elementor-element elementor-element-77839e9 elementor-widget elementor-widget-heading\" data-id=\"77839e9\" data-element_type=\"widget\" data-widget_type=\"heading.default\">\n\t\t\t\t<div class=\"elementor-widget-container\">\n\t\t\t\t\t<h2 class=\"elementor-heading-title elementor-size-default\">Events<\/h2>\t\t\t\t<\/div>\n\t\t\t\t<\/div>\n\t\t\t\t<div class=\"elementor-element elementor-element-96091f5 elementor-widget-divider--view-line elementor-widget elementor-widget-divider\" data-id=\"96091f5\" data-element_type=\"widget\" data-widget_type=\"divider.default\">\n\t\t\t\t<div class=\"elementor-widget-container\">\n\t\t\t\t\t\t\t<div class=\"elementor-divider\">\n\t\t\t<span class=\"elementor-divider-separator\">\n\t\t\t\t\t\t<\/span>\n\t\t<\/div>\n\t\t\t\t\t\t<\/div>\n\t\t\t\t<\/div>\n\t\t\t\t<div class=\"elementor-element elementor-element-28c3b2b elementor-align-left elementor-icon-list--layout-traditional elementor-list-item-link-full_width ha-has-bg-overlay elementor-widget elementor-widget-icon-list\" data-id=\"28c3b2b\" data-element_type=\"widget\" data-widget_type=\"icon-list.default\">\n\t\t\t\t<div class=\"elementor-widget-container\">\n\t\t\t\t\t\t\t<ul class=\"elementor-icon-list-items\">\n\t\t\t\t\t\t\t<li class=\"elementor-icon-list-item\">\n\t\t\t\t\t\t\t\t\t\t\t<span class=\"elementor-icon-list-icon\">\n\t\t\t\t\t\t\t<i aria-hidden=\"true\" class=\"fas fa-step-forward\"><\/i>\t\t\t\t\t\t<\/span>\n\t\t\t\t\t\t\t\t\t\t<span class=\"elementor-icon-list-text\">Upcoming events<\/span>\n\t\t\t\t\t\t\t\t\t<\/li>\n\t\t\t\t\t\t<\/ul>\n\t\t\t\t\t\t<\/div>\n\t\t\t\t<\/div>\n\t\t\t\t<div class=\"elementor-element elementor-element-b9720bc elementor-icon-list--layout-traditional elementor-list-item-link-full_width elementor-widget elementor-widget-icon-list\" data-id=\"b9720bc\" data-element_type=\"widget\" data-widget_type=\"icon-list.default\">\n\t\t\t\t<div class=\"elementor-widget-container\">\n\t\t\t\t\t\t\t<ul class=\"elementor-icon-list-items\">\n\t\t\t\t\t\t\t<li class=\"elementor-icon-list-item\">\n\t\t\t\t\t\t\t\t\t\t\t<span class=\"elementor-icon-list-icon\">\n\t\t\t\t\t\t\t<i aria-hidden=\"true\" class=\"fas fa-map-marker-alt\"><\/i>\t\t\t\t\t\t<\/span>\n\t\t\t\t\t\t\t\t\t\t<span class=\"elementor-icon-list-text\"><div align=\"justify\"><a href=\"https:\/\/www.coe.int\/en\/web\/istanbul-convention\/conference-gender-equality-and-the-istanbul-convention-a-decade-of-action\"><strong>11\/05\/2021 - Gender equality and the Istanbul Convention: a decade of action<\/strong><\/a>Organised by the Council of Europe in partnership with the German Federal Ministry for Family Affairs, Senior Citizens, Women and Youth in the framework of the German Presidency of the Committee of Ministers of the Council of Europe<\/div><\/span>\n\t\t\t\t\t\t\t\t\t<\/li>\n\t\t\t\t\t\t<\/ul>\n\t\t\t\t\t\t<\/div>\n\t\t\t\t<\/div>\n\t\t\t\t<div class=\"elementor-element elementor-element-a725665 elementor-align-left elementor-icon-list--layout-traditional elementor-list-item-link-full_width ha-has-bg-overlay elementor-widget elementor-widget-icon-list\" data-id=\"a725665\" data-element_type=\"widget\" data-widget_type=\"icon-list.default\">\n\t\t\t\t<div class=\"elementor-widget-container\">\n\t\t\t\t\t\t\t<ul class=\"elementor-icon-list-items\">\n\t\t\t\t\t\t\t<li class=\"elementor-icon-list-item\">\n\t\t\t\t\t\t\t\t\t\t\t<span class=\"elementor-icon-list-icon\">\n\t\t\t\t\t\t\t<i aria-hidden=\"true\" class=\"fas fa-step-forward\"><\/i>\t\t\t\t\t\t<\/span>\n\t\t\t\t\t\t\t\t\t\t<span class=\"elementor-icon-list-text\">Events<\/span>\n\t\t\t\t\t\t\t\t\t<\/li>\n\t\t\t\t\t\t<\/ul>\n\t\t\t\t\t\t<\/div>\n\t\t\t\t<\/div>\n\t\t\t\t<div class=\"elementor-element elementor-element-c47e819 elementor-icon-list--layout-traditional elementor-list-item-link-full_width elementor-widget elementor-widget-icon-list\" data-id=\"c47e819\" data-element_type=\"widget\" data-widget_type=\"icon-list.default\">\n\t\t\t\t<div class=\"elementor-widget-container\">\n\t\t\t\t\t\t\t<ul class=\"elementor-icon-list-items\">\n\t\t\t\t\t\t\t<li class=\"elementor-icon-list-item\">\n\t\t\t\t\t\t\t\t\t\t\t<span class=\"elementor-icon-list-icon\">\n\t\t\t\t\t\t\t<i aria-hidden=\"true\" class=\"fas fa-map-marker-alt\"><\/i>\t\t\t\t\t\t<\/span>\n\t\t\t\t\t\t\t\t\t\t<span class=\"elementor-icon-list-text\"><div align=\"justify\"><a href=\"https:\/\/www.coe.int\/en\/web\/istanbul-convention\/side-event-csw-65-2021\"><strong>17\/03\/2021 - Side event - 65th session of the Commission on the Status of Women - 2021<\/strong><\/a><\/div><\/span>\n\t\t\t\t\t\t\t\t\t<\/li>\n\t\t\t\t\t\t\t\t<li class=\"elementor-icon-list-item\">\n\t\t\t\t\t\t\t\t\t\t\t<span class=\"elementor-icon-list-icon\">\n\t\t\t\t\t\t\t<i aria-hidden=\"true\" class=\"fas fa-map-marker-alt\"><\/i>\t\t\t\t\t\t<\/span>\n\t\t\t\t\t\t\t\t\t\t<span class=\"elementor-icon-list-text\"><div align=\"justify\"><a href=\"https:\/\/www.coe.int\/en\/web\/istanbul-convention\/webinar\"><strong>20\/05\/2021 - Violence against women and girls before, during  that must be addressed<\/strong><\/a><\/div><\/span>\n\t\t\t\t\t\t\t\t\t<\/li>\n\t\t\t\t\t\t\t\t<li class=\"elementor-icon-list-item\">\n\t\t\t\t\t\t\t\t\t\t\t<span class=\"elementor-icon-list-icon\">\n\t\t\t\t\t\t\t<i aria-hidden=\"true\" class=\"fas fa-map-marker-alt\"><\/i>\t\t\t\t\t\t<\/span>\n\t\t\t\t\t\t\t\t\t\t<span class=\"elementor-icon-list-text\"><div align=\"justify\"><a href=\"https:\/\/www.coe.int\/web\/istanbul-convention\/conferences?p_p_id=56_INSTANCE_lVVW0K7ntDgc&amp;p_p_lifecycle=0&amp;p_p_state=normal&amp;p_p_mode=view&amp;p_p_col_id=column-4&amp;p_p_col_count=1\"><strong>24\/05\/2019 - Women\u2019s Rights at the Crossroads: Strengthening International Co-operation to Close the Gap between Legal Frameworks and their Implementation<\/strong><\/a><\/div><\/span>\n\t\t\t\t\t\t\t\t\t<\/li>\n\t\t\t\t\t\t\t\t<li class=\"elementor-icon-list-item\">\n\t\t\t\t\t\t\t\t\t\t\t<span class=\"elementor-icon-list-icon\">\n\t\t\t\t\t\t\t<i aria-hidden=\"true\" class=\"fas fa-map-marker-alt\"><\/i>\t\t\t\t\t\t<\/span>\n\t\t\t\t\t\t\t\t\t\t<span class=\"elementor-icon-list-text\"><div align=\"justify\"><a href=\"https:\/\/www.coe.int\/web\/istanbul-convention\/conferences?p_p_id=56_INSTANCE_lVVW0K7ntDgc&amp;p_p_lifecycle=0&amp;p_p_state=normal&amp;p_p_mode=view&amp;p_p_col_id=column-4&amp;p_p_col_count=1\"><strong>Conference \"Monitoring the Implementation of the Istanbul Convention - new synergies\"<span style=\"font-family: dinregular, sans-serif;font-weight: normal;font-style: inherit\"><\/span><\/strong><\/a><\/div><\/span>\n\t\t\t\t\t\t\t\t\t<\/li>\n\t\t\t\t\t\t\t\t<li class=\"elementor-icon-list-item\">\n\t\t\t\t\t\t\t\t\t\t\t<span class=\"elementor-icon-list-icon\">\n\t\t\t\t\t\t\t<i aria-hidden=\"true\" class=\"fas fa-map-marker-alt\"><\/i>\t\t\t\t\t\t<\/span>\n\t\t\t\t\t\t\t\t\t\t<span class=\"elementor-icon-list-text\"><div align=\"justify\"><a href=\"https:\/\/www.coe.int\/web\/istanbul-convention\/conferences?p_p_id=56_INSTANCE_lVVW0K7ntDgc&amp;p_p_lifecycle=0&amp;p_p_state=normal&amp;p_p_mode=view&amp;p_p_col_id=column-4&amp;p_p_col_count=1\"><strong>19\/09\/2014 - International Conference \"Safe from fear, safe from violence : celebrating the entry into force of the Istanbul Convention\"<\/strong><\/a><\/div><\/span>\n\t\t\t\t\t\t\t\t\t<\/li>\n\t\t\t\t\t\t<\/ul>\n\t\t\t\t\t\t<\/div>\n\t\t\t\t<\/div>\n\t\t\t\t<div class=\"elementor-element elementor-element-c5907e5 elementor-align-left elementor-icon-list--layout-traditional elementor-list-item-link-full_width ha-has-bg-overlay elementor-widget elementor-widget-icon-list\" data-id=\"c5907e5\" data-element_type=\"widget\" data-widget_type=\"icon-list.default\">\n\t\t\t\t<div class=\"elementor-widget-container\">\n\t\t\t\t\t\t\t<ul class=\"elementor-icon-list-items\">\n\t\t\t\t\t\t\t<li class=\"elementor-icon-list-item\">\n\t\t\t\t\t\t\t\t\t\t\t<span class=\"elementor-icon-list-icon\">\n\t\t\t\t\t\t\t<i aria-hidden=\"true\" class=\"fas fa-step-forward\"><\/i>\t\t\t\t\t\t<\/span>\n\t\t\t\t\t\t\t\t\t\t<span class=\"elementor-icon-list-text\"><div align=\"justify\">Celebrating the 25th of November - International Day for the Elemination of Violence Against Women and Girls<\/div><\/span>\n\t\t\t\t\t\t\t\t\t<\/li>\n\t\t\t\t\t\t<\/ul>\n\t\t\t\t\t\t<\/div>\n\t\t\t\t<\/div>\n\t\t\t\t<div class=\"elementor-element elementor-element-fa65fa5 elementor-icon-list--layout-traditional elementor-list-item-link-full_width elementor-widget elementor-widget-icon-list\" data-id=\"fa65fa5\" data-element_type=\"widget\" data-widget_type=\"icon-list.default\">\n\t\t\t\t<div class=\"elementor-widget-container\">\n\t\t\t\t\t\t\t<ul class=\"elementor-icon-list-items\">\n\t\t\t\t\t\t\t<li class=\"elementor-icon-list-item\">\n\t\t\t\t\t\t\t\t\t\t\t<span class=\"elementor-icon-list-icon\">\n\t\t\t\t\t\t\t<i aria-hidden=\"true\" class=\"fas fa-map-marker-alt\"><\/i>\t\t\t\t\t\t<\/span>\n\t\t\t\t\t\t\t\t\t\t<span class=\"elementor-icon-list-text\"><a href=\"https:\/\/www.coe.int\/en\/web\/istanbul-convention\/international-day-for-the-elemination-of-vaw\"><strong>25\/11\/2020 - Action taken to celebrate the International Day for the Elemination of Violence against Women and Girls<\/strong><\/a><\/span>\n\t\t\t\t\t\t\t\t\t<\/li>\n\t\t\t\t\t\t\t\t<li class=\"elementor-icon-list-item\">\n\t\t\t\t\t\t\t\t\t\t\t<span class=\"elementor-icon-list-icon\">\n\t\t\t\t\t\t\t<i aria-hidden=\"true\" class=\"fas fa-map-marker-alt\"><\/i>\t\t\t\t\t\t<\/span>\n\t\t\t\t\t\t\t\t\t\t<span class=\"elementor-icon-list-text\"><div align=\"justify\"><a href=\"https:\/\/www.coe.int\/en\/web\/istanbul-convention\/newsroom\/-\/asset_publisher\/anlInZ5mw6yX\/content\/international-day-for-the-elimination-of-violence-against-wom-1?inheritRedirect=false&amp;redirect=https%3A%2F%2Fwww.coe.int%2Fen%2Fweb%2Fistanbul-convention%2Fnewsroom%3Fp_p_id%3D101_INSTANCE_anlInZ5mw6yX%26p_p_lifecycle%3D0%26p_p_state%3Dnormal%26p_p_mode%3Dview%26p_p_col_id%3Dcolumn-1%26p_p_col_count%3D2%26_101_INSTANCE_anlInZ5mw6yX_cur%3D3%26_101_INSTANCE_anlInZ5mw6yX_keywords%3D%26_101_INSTANCE_anlInZ5mw6yX_advancedSearch%3Dfalse%26_101_INSTANCE_anlInZ5mw6yX_delta%3D20%26p_r_p_564233524_resetCur%3Dfalse%26_101_INSTANCE_anlInZ5mw6yX_andOperator%3Dtrue\"><strong>25\/11\/2019 - Joint Statement by Council of Europe Secretary General Marija Pej\u010dinovi\u0107 Buri\u0107, France\u2019s European Affairs State Secretary Am\u00e9lie de Montchalin, on behalf of the Presidency of the Committee of Ministers, and Parliamentary Assembly President Liliane Maury Pasquier<\/strong><\/a><a href=\"http:\/\/www.ohchr.org\/EN\/NewsEvents\/Pages\/DisplayNews.aspx?NewsID=25340&amp;LangID=E\"><strong>- Joint call to act against rape and to ensure that the absence of consent is central to the definition of rape<\/strong><\/a><\/div><\/span>\n\t\t\t\t\t\t\t\t\t<\/li>\n\t\t\t\t\t\t\t\t<li class=\"elementor-icon-list-item\">\n\t\t\t\t\t\t\t\t\t\t\t<span class=\"elementor-icon-list-icon\">\n\t\t\t\t\t\t\t<i aria-hidden=\"true\" class=\"fas fa-map-marker-alt\"><\/i>\t\t\t\t\t\t<\/span>\n\t\t\t\t\t\t\t\t\t\t<span class=\"elementor-icon-list-text\"><div align=\"justify\"><a href=\"https:\/\/www.coe.int\/web\/istanbul-convention\/conferences?p_p_id=56_INSTANCE_lVVW0K7ntDgc&amp;p_p_lifecycle=0&amp;p_p_state=normal&amp;p_p_mode=view&amp;p_p_col_id=column-4&amp;p_p_col_count=1\"><strong>26\/11\/2018 - Joint statement of the UN Special Rapporteur on Violence against Women<\/strong><\/a> The UN Committee on the Elimination of Discrimination against Women; the UN Working Group on the issue of discrimination against women in law and in practice; the Council of Europe Group of Experts on Action against Violence against Women and Domestic Violence (GREVIO); the Special Rapporteur on Rights of Women in Africa of the African Commission on Human and Peoples\u2019 Rights and the Committee of Experts of the Follow-up Mechanism to the Bel\u00e9m do Par\u00e1 Convention.<\/div><\/span>\n\t\t\t\t\t\t\t\t\t<\/li>\n\t\t\t\t\t\t\t\t<li class=\"elementor-icon-list-item\">\n\t\t\t\t\t\t\t\t\t\t\t<span class=\"elementor-icon-list-icon\">\n\t\t\t\t\t\t\t<i aria-hidden=\"true\" class=\"fas fa-map-marker-alt\"><\/i>\t\t\t\t\t\t<\/span>\n\t\t\t\t\t\t\t\t\t\t<span class=\"elementor-icon-list-text\"><div align=\"justify\"><a href=\"https:\/\/www.coe.int\/en\/web\/istanbul-convention\/newsroom\/-\/asset_publisher\/anlInZ5mw6yX\/content\/screening-of-the-movie-when-we-leave-with-the-exceptional-participation-of-feo-aladag?inheritRedirect=false&amp;redirect=https%3A%2F%2Fwww.coe.int%2Fen%2Fweb%2Fistanbul-convention%2Fnewsroom%3Fp_p_id%3D101_INSTANCE_anlInZ5mw6yX%26p_p_lifecycle%3D0%26p_p_state%3Dnormal%26p_p_mode%3Dview%26p_p_col_id%3Dcolumn-1%26p_p_col_count%3D2%26_101_INSTANCE_anlInZ5mw6yX_cur%3D9%26_101_INSTANCE_anlInZ5mw6yX_keywords%3D%26_101_INSTANCE_anlInZ5mw6yX_advancedSearch%3Dfalse%26_101_INSTANCE_anlInZ5mw6yX_delta%3D20%26p_r_p_564233524_resetCur%3Dfalse%26_101_INSTANCE_anlInZ5mw6yX_andOperator%3Dtrue\"><strong>24\/11\/2016 - Feo Aladag at the Council of Europe - Screening of the movie \"When we leave\" and debate<\/strong><\/a><\/div><\/span>\n\t\t\t\t\t\t\t\t\t<\/li>\n\t\t\t\t\t\t\t\t<li class=\"elementor-icon-list-item\">\n\t\t\t\t\t\t\t\t\t\t\t<span class=\"elementor-icon-list-icon\">\n\t\t\t\t\t\t\t<i aria-hidden=\"true\" class=\"fas fa-map-marker-alt\"><\/i>\t\t\t\t\t\t<\/span>\n\t\t\t\t\t\t\t\t\t\t<span class=\"elementor-icon-list-text\"><div align=\"justify\"><a href=\"https:\/\/www.coe.int\/en\/web\/istanbul-convention\/newsroom\/-\/asset_publisher\/anlInZ5mw6yX\/content\/a-side-event-to-mark-the-25th-of-november-2?inheritRedirect=false&amp;redirect=https%3A%2F%2Fwww.coe.int%2Fen%2Fweb%2Fistanbul-convention%2Fnewsroom%3Fp_p_id%3D101_INSTANCE_anlInZ5mw6yX%26p_p_lifecycle%3D0%26p_p_state%3Dnormal%26p_p_mode%3Dview%26p_p_col_id%3Dcolumn-1%26p_p_col_count%3D2%26_101_INSTANCE_anlInZ5mw6yX_cur%3D10%26_101_INSTANCE_anlInZ5mw6yX_keywords%3D%26_101_INSTANCE_anlInZ5mw6yX_advancedSearch%3Dfalse%26_101_INSTANCE_anlInZ5mw6yX_delta%3D20%26p_r_p_564233524_resetCur%3Dfalse%26_101_INSTANCE_anlInZ5mw6yX_andOperator%3Dtrue\"><strong>25\/11\/2015 - A side event on \"Raising awareness to prevent violence against women and domestic violence : The Council of Europe Istanbul Convention's Contribution to UN Sustainable Development Goal 5 : achieve gender equality and empower all women and girls\" <\/strong><\/a><\/div><\/span>\n\t\t\t\t\t\t\t\t\t<\/li>\n\t\t\t\t\t\t<\/ul>\n\t\t\t\t\t\t<\/div>\n\t\t\t\t<\/div>\n\t\t\t\t\t<\/div>\n\t\t<\/div>\n\t\t\t\t\t<\/div>\n\t\t<\/section>\n\t\t\t\t<\/div>\n\t\t","protected":false},"excerpt":{"rendered":"<p>Events Upcoming events 11\/05\/2021 &#8211; Gender equality and the Istanbul Convention: a decade of actionOrganised by the Council of Europe in partnership with the German Federal Ministry for Family Affairs, Senior Citizens, Women and Youth in the framework of the German Presidency of the Committee of Ministers of the Council of Europe Events 17\/03\/2021 &#8211; [&hellip;]<\/p>\n","protected":false},"author":5,"featured_media":0,"parent":0,"menu_order":0,"comment_status":"closed","ping_status":"closed","template":"","meta":{"site-sidebar-layout":"default","site-content-layout":"","ast-site-content-layout":"default","site-content-style":"default","site-sidebar-style":"default","ast-global-header-display":"","ast-banner-title-visibility":"","ast-main-header-display":"","ast-hfb-above-header-display":"","ast-hfb-below-header-display":"","ast-hfb-mobile-header-display":"","site-post-title":"","ast-breadcrumbs-content":"","ast-featured-img":"","footer-sml-layout":"","theme-transparent-header-meta":"","adv-header-id-meta":"","stick-header-meta":"","header-above-stick-meta":"","header-main-stick-meta":"","header-below-stick-meta":"","astra-migrate-meta-layouts":"default","ast-page-background-enabled":"default","ast-page-background-meta":{"desktop":{"background-color":"var(--ast-global-color-4)","background-image":"","background-repeat":"repeat","background-position":"center center","background-size":"auto","background-attachment":"scroll","background-type":"","background-media":"","overlay-type":"","overlay-color":"","overlay-opacity":"","overlay-gradient":""},"tablet":{"background-color":"","background-image":"","background-repeat":"repeat","background-position":"center center","background-size":"auto","background-attachment":"scroll","background-type":"","background-media":"","overlay-type":"","overlay-color":"","overlay-opacity":"","overlay-gradient":""},"mobile":{"background-color":"","background-image":"","background-repeat":"repeat","background-position":"center center","background-size":"auto","background-attachment":"scroll","background-type":"","background-media":"","overlay-type":"","overlay-color":"","overlay-opacity":"","overlay-gradient":""}},"ast-content-background-meta":{"desktop":{"background-color":"var(--ast-global-color-5)","background-image":"","background-repeat":"repeat","background-position":"center center","background-size":"auto","background-attachment":"scroll","background-type":"","background-media":"","overlay-type":"","overlay-color":"","overlay-opacity":"","overlay-gradient":""},"tablet":{"background-color":"var(--ast-global-color-5)","background-image":"","background-repeat":"repeat","background-position":"center center","background-size":"auto","background-attachment":"scroll","background-type":"","background-media":"","overlay-type":"","overlay-color":"","overlay-opacity":"","overlay-gradient":""},"mobile":{"background-color":"var(--ast-global-color-5)","background-image":"","background-repeat":"repeat","background-position":"center center","background-size":"auto","background-attachment":"scroll","background-type":"","background-media":"","overlay-type":"","overlay-color":"","overlay-opacity":"","overlay-gradient":""}},"footnotes":""},"class_list":["post-1326","page","type-page","status-publish","hentry"],"yoast_head":"<!-- This site is optimized with the Yoast SEO plugin v26.0 - https:\/\/yoast.com\/wordpress\/plugins\/seo\/ -->\n<title>Events and News - MESECVI_EN<\/title>\n<meta name=\"robots\" content=\"index, follow, max-snippet:-1, max-image-preview:large, max-video-preview:-1\" \/>\n<link rel=\"canonical\" href=\"https:\/\/pruebas.belemdopara.org\/cim_mesecvi\/events\/\" \/>\n<meta property=\"og:locale\" content=\"es_ES\" \/>\n<meta property=\"og:type\" content=\"article\" \/>\n<meta property=\"og:title\" content=\"Events and News - MESECVI_EN\" \/>\n<meta property=\"og:description\" content=\"Events Upcoming events 11\/05\/2021 &#8211; Gender equality and the Istanbul Convention: a decade of actionOrganised by the Council of Europe in partnership with the German Federal Ministry for Family Affairs, Senior Citizens, Women and Youth in the framework of the German Presidency of the Committee of Ministers of the Council of Europe Events 17\/03\/2021 &#8211; [&hellip;]\" \/>\n<meta property=\"og:url\" content=\"https:\/\/pruebas.belemdopara.org\/cim_mesecvi\/events\/\" \/>\n<meta property=\"og:site_name\" content=\"MESECVI_EN\" \/>\n<meta property=\"article:modified_time\" content=\"2022-03-13T20:01:22+00:00\" \/>\n<meta name=\"twitter:card\" content=\"summary_large_image\" \/>\n<meta name=\"twitter:label1\" content=\"Tiempo de lectura\" \/>\n\t<meta name=\"twitter:data1\" content=\"2 minutos\" \/>\n<script type=\"application\/ld+json\" class=\"yoast-schema-graph\">{\"@context\":\"https:\/\/schema.org\",\"@graph\":[{\"@type\":\"WebPage\",\"@id\":\"https:\/\/pruebas.belemdopara.org\/cim_mesecvi\/events\/\",\"url\":\"https:\/\/pruebas.belemdopara.org\/cim_mesecvi\/events\/\",\"name\":\"Events and News - MESECVI_EN\",\"isPartOf\":{\"@id\":\"https:\/\/pruebas.belemdopara.org\/cim_mesecvi\/#website\"},\"datePublished\":\"2022-02-10T16:46:29+00:00\",\"dateModified\":\"2022-03-13T20:01:22+00:00\",\"breadcrumb\":{\"@id\":\"https:\/\/pruebas.belemdopara.org\/cim_mesecvi\/events\/#breadcrumb\"},\"inLanguage\":\"es\",\"potentialAction\":[{\"@type\":\"ReadAction\",\"target\":[\"https:\/\/pruebas.belemdopara.org\/cim_mesecvi\/events\/\"]}]},{\"@type\":\"BreadcrumbList\",\"@id\":\"https:\/\/pruebas.belemdopara.org\/cim_mesecvi\/events\/#breadcrumb\",\"itemListElement\":[{\"@type\":\"ListItem\",\"position\":1,\"name\":\"Portada\",\"item\":\"https:\/\/pruebas.belemdopara.org\/cim_mesecvi\/\"},{\"@type\":\"ListItem\",\"position\":2,\"name\":\"Events and News\"}]},{\"@type\":\"WebSite\",\"@id\":\"https:\/\/pruebas.belemdopara.org\/cim_mesecvi\/#website\",\"url\":\"https:\/\/pruebas.belemdopara.org\/cim_mesecvi\/\",\"name\":\"MESECVI_EN\",\"description\":\"\",\"publisher\":{\"@id\":\"https:\/\/pruebas.belemdopara.org\/cim_mesecvi\/#organization\"},\"potentialAction\":[{\"@type\":\"SearchAction\",\"target\":{\"@type\":\"EntryPoint\",\"urlTemplate\":\"https:\/\/pruebas.belemdopara.org\/cim_mesecvi\/?s={search_term_string}\"},\"query-input\":{\"@type\":\"PropertyValueSpecification\",\"valueRequired\":true,\"valueName\":\"search_term_string\"}}],\"inLanguage\":\"es\"},{\"@type\":\"Organization\",\"@id\":\"https:\/\/pruebas.belemdopara.org\/cim_mesecvi\/#organization\",\"name\":\"MESECVI_EN\",\"url\":\"https:\/\/pruebas.belemdopara.org\/cim_mesecvi\/\",\"logo\":{\"@type\":\"ImageObject\",\"inLanguage\":\"es\",\"@id\":\"https:\/\/pruebas.belemdopara.org\/cim_mesecvi\/#\/schema\/logo\/image\/\",\"url\":\"https:\/\/pruebas.belemdopara.org\/cim_mesecvi\/wp-content\/uploads\/sites\/2\/2021\/12\/Logo-OEA_CIM_MESECVI-04.png\",\"contentUrl\":\"https:\/\/pruebas.belemdopara.org\/cim_mesecvi\/wp-content\/uploads\/sites\/2\/2021\/12\/Logo-OEA_CIM_MESECVI-04.png\",\"width\":1667,\"height\":2333,\"caption\":\"MESECVI_EN\"},\"image\":{\"@id\":\"https:\/\/pruebas.belemdopara.org\/cim_mesecvi\/#\/schema\/logo\/image\/\"}}]}<\/script>\n<!-- \/ Yoast SEO plugin. -->","yoast_head_json":{"title":"Events and News - MESECVI_EN","robots":{"index":"index","follow":"follow","max-snippet":"max-snippet:-1","max-image-preview":"max-image-preview:large","max-video-preview":"max-video-preview:-1"},"canonical":"https:\/\/pruebas.belemdopara.org\/cim_mesecvi\/events\/","og_locale":"es_ES","og_type":"article","og_title":"Events and News - MESECVI_EN","og_description":"Events Upcoming events 11\/05\/2021 &#8211; Gender equality and the Istanbul Convention: a decade of actionOrganised by the Council of Europe in partnership with the German Federal Ministry for Family Affairs, Senior Citizens, Women and Youth in the framework of the German Presidency of the Committee of Ministers of the Council of Europe Events 17\/03\/2021 &#8211; [&hellip;]","og_url":"https:\/\/pruebas.belemdopara.org\/cim_mesecvi\/events\/","og_site_name":"MESECVI_EN","article_modified_time":"2022-03-13T20:01:22+00:00","twitter_card":"summary_large_image","twitter_misc":{"Tiempo de lectura":"2 minutos"},"schema":{"@context":"https:\/\/schema.org","@graph":[{"@type":"WebPage","@id":"https:\/\/pruebas.belemdopara.org\/cim_mesecvi\/events\/","url":"https:\/\/pruebas.belemdopara.org\/cim_mesecvi\/events\/","name":"Events and News - MESECVI_EN","isPartOf":{"@id":"https:\/\/pruebas.belemdopara.org\/cim_mesecvi\/#website"},"datePublished":"2022-02-10T16:46:29+00:00","dateModified":"2022-03-13T20:01:22+00:00","breadcrumb":{"@id":"https:\/\/pruebas.belemdopara.org\/cim_mesecvi\/events\/#breadcrumb"},"inLanguage":"es","potentialAction":[{"@type":"ReadAction","target":["https:\/\/pruebas.belemdopara.org\/cim_mesecvi\/events\/"]}]},{"@type":"BreadcrumbList","@id":"https:\/\/pruebas.belemdopara.org\/cim_mesecvi\/events\/#breadcrumb","itemListElement":[{"@type":"ListItem","position":1,"name":"Portada","item":"https:\/\/pruebas.belemdopara.org\/cim_mesecvi\/"},{"@type":"ListItem","position":2,"name":"Events and News"}]},{"@type":"WebSite","@id":"https:\/\/pruebas.belemdopara.org\/cim_mesecvi\/#website","url":"https:\/\/pruebas.belemdopara.org\/cim_mesecvi\/","name":"MESECVI_EN","description":"","publisher":{"@id":"https:\/\/pruebas.belemdopara.org\/cim_mesecvi\/#organization"},"potentialAction":[{"@type":"SearchAction","target":{"@type":"EntryPoint","urlTemplate":"https:\/\/pruebas.belemdopara.org\/cim_mesecvi\/?s={search_term_string}"},"query-input":{"@type":"PropertyValueSpecification","valueRequired":true,"valueName":"search_term_string"}}],"inLanguage":"es"},{"@type":"Organization","@id":"https:\/\/pruebas.belemdopara.org\/cim_mesecvi\/#organization","name":"MESECVI_EN","url":"https:\/\/pruebas.belemdopara.org\/cim_mesecvi\/","logo":{"@type":"ImageObject","inLanguage":"es","@id":"https:\/\/pruebas.belemdopara.org\/cim_mesecvi\/#\/schema\/logo\/image\/","url":"https:\/\/pruebas.belemdopara.org\/cim_mesecvi\/wp-content\/uploads\/sites\/2\/2021\/12\/Logo-OEA_CIM_MESECVI-04.png","contentUrl":"https:\/\/pruebas.belemdopara.org\/cim_mesecvi\/wp-content\/uploads\/sites\/2\/2021\/12\/Logo-OEA_CIM_MESECVI-04.png","width":1667,"height":2333,"caption":"MESECVI_EN"},"image":{"@id":"https:\/\/pruebas.belemdopara.org\/cim_mesecvi\/#\/schema\/logo\/image\/"}}]}},"_links":{"self":[{"href":"https:\/\/pruebas.belemdopara.org\/cim_mesecvi\/wp-json\/wp\/v2\/pages\/1326","targetHints":{"allow":["GET"]}}],"collection":[{"href":"https:\/\/pruebas.belemdopara.org\/cim_mesecvi\/wp-json\/wp\/v2\/pages"}],"about":[{"href":"https:\/\/pruebas.belemdopara.org\/cim_mesecvi\/wp-json\/wp\/v2\/types\/page"}],"author":[{"embeddable":true,"href":"https:\/\/pruebas.belemdopara.org\/cim_mesecvi\/wp-json\/wp\/v2\/users\/5"}],"replies":[{"embeddable":true,"href":"https:\/\/pruebas.belemdopara.org\/cim_mesecvi\/wp-json\/wp\/v2\/comments?post=1326"}],"version-history":[{"count":6,"href":"https:\/\/pruebas.belemdopara.org\/cim_mesecvi\/wp-json\/wp\/v2\/pages\/1326\/revisions"}],"predecessor-version":[{"id":3269,"href":"https:\/\/pruebas.belemdopara.org\/cim_mesecvi\/wp-json\/wp\/v2\/pages\/1326\/revisions\/3269"}],"wp:attachment":[{"href":"https:\/\/pruebas.belemdopara.org\/cim_mesecvi\/wp-json\/wp\/v2\/media?parent=1326"}],"curies":[{"name":"wp","href":"https:\/\/api.w.org\/{rel}","templated":true}]}}